 when 63395 is divided by 1715?
1655
What is the remainder when 3419979795 is divided by 337?
336
What is the remainder when 17783036 is divided by 201?
164
Calculate the remainder when 3884624 is divided by 1125.
1124
Calculate the remainder when 135663 is divided by 8.
7
What is the remainder when 1050206 is divided by 2298?
20
What is the remainder when 6673684 is divided by 1334728?
44
Calculate the remainder when 3415753 is divided by 4028.
9
Calculate the remainder when 3883014 is divided by 111.
12
What is the remainder when 45428022 is divided by 14?
10
Calculate the remainder when 26393403 is divided by 77.
36
What is the remainder when 290992282 is divided by 396?
394
What is the remainder when 78836821 is divided by 11132?
11129
What is the remainder when 16470791 is divided by 78?
77
What is the remainder when 81775934 is divided by 27258643?
5
What is the remainder when 1021740 is divided by 367?
12
Calculate the remainder when 22904034 is divided by 2183.
2181
What is the remainder when 1667703 is divided by 2?
1
Calculate the remainder when 256514 is divided by 31914.
1202
Calculate the remainder when 11848 is divided by 1486.
1446
What is the remainder when 573671 is divided by 191180?
131
What is the remainder when 23887242 is divided by 41?
27
What is the remainder when 3976784 is divided by 67?
66
Calculate the remainder when 1774977 is divided by 2115.
492
Calculate the remainder when 12428923 is divided by 116.
103
What is the remainder when 395973 is divided by 18?
9
What is the remainder when 41742 is divided by 588?
582
What is the remainder when 22276790 is divided by 1784?
1766
Calculate the remainder when 1052677 is divided by 263169.
1
What is the remainder when 20938 is divided by 146?
60
Calculate the remainder when 407144159 is divided by 1311.
1310
Calculate the remainder when 1508384 is divided by 377094.
8
Calculate the remainder when 24877230 is divided by 584.
582
Calculate the remainder when 26352538 is divided by 54.
52
What is the remainder when 3113296 is divided by 312?
160
What is the remainder when 11084178 is divided by 1256?
1234
What is the remainder when 66885311 is divided by 891804?
11
What is the remainder when 5231207 is divided by 5858?
13
What is the remainder when 29353562 is divided by 5082?
5012
What is the remainder when 575081 is divided by 3043?
2997
What is the remainder when 80595 is divided by 12610?
4935
What is the remainder when 3793939 is divided by 39?
19
What is the remainder when 9513462 is divided by 234?
192
Calculate the remainder when 15621968 is divided by 961.
913
What is the remainder when 217067 is divided by 4247?
470
What is the remainder when 13817997 is divided by 6908881?
235
Calculate the remainder when 1214394 is divided by 8612.
102
What is the remainder when 634787 is divided by 707?
608
Calculate the remainder when 3786879 is divided by 757370.
29
Calculate the remainder when 33850 is divided by 915.
910
Calculate the remainder when 158887 is divided by 50.
37
Calculate the remainder when 61595 is divided by 30768.
59
What is the remainder when 1507745 is divided by 7214?
19
What is the remainder when 3947907 is divided by 2755?
2747
What is the remainder when 38392 is divided by 373?
346
Calculate the remainder when 53432 is divided by 556.
56
Calculate the remainder when 5824803 is divided by 9502.
77
What is the remainder when 43298 is divided by 4763?
431
What is the remainder when 6473727 is divided by 2157810?
297
What is the remainder when 75129 is divided by 4025?
2679
Calculate the remainder when 2166710 is divided by 197.
104
What is the remainder when 2748043 is divided by 1007?
947
What is the remainder when 767998 is divided by 25551?
1468
Calculate the remainder when 19687 is divided by 1225.
87
Calculate the remainder when 453952 is divided by 5974.
5902
Calculate the remainder when 20202679 is divided by 17.
15
Calculate the remainder when 1055727 is divided by 37704.
15
What is the remainder when 285018 is divided by 94999?
21
What is the remainder when 2856793 is divided by 369?
364
What is the remainder when 1674382 is divided by 30?
22
Calculate the remainder when 365973 is divided by 1076.
133
Calculate the remainder when 566054 is divided by 12906.
11096
Calculate the remainder when 91197 is divided by 734.
181
Calculate the remainder when 2346584 is divided by 67045.
9
What is the remainder when 234640109 is divided by 5847?
5846
What is the remainder when 2755239 is divided by 378?
375
What is the remainder when 13457080 is divided by 260?
0
Calculate the remainder when 10453768 is divided by 205.
203
What is the remainder when 389074023 is divided by 129691339?
6
Calculate the remainder when 2054340 is divided by 256773.
156
Calculate the remainder when 5808986 is divided by 33.
29
What is the remainder when 5327320 is divided by 322?
152
Calculate the remainder when 48751 is divided by 3366.
1627
Calculate the remainder when 1046101523 is divided by 39.
38
Calculate the remainder when 401796 is divided by 2559.
33
What is the remainder when 215817 is divided by 30772?
413
Calculate the remainder when 29338574 is divided by 472.
470
Calculate the remainder when 147035 is divided by 816.
155
Calculate the remainder when 88297 is divided by 17539.
602
What is the remainder when 1066979833 is divided by 6301?
6299
What is the remainder when 22889124 is divided by 119838?
66
What is the remainder when 80376973 is divided by 15?
13
What is the remainder when 10055716 is divided by 2384?
4
What is the remainder when 13746 is divided by 3895?
2061
Calculate the remainder when 218208 is divided by 1347.
1341
What is the remainder when 12091 is divided by 4025?
16
Calculate the remainder when 114146 is divided by 2733.
2093
Calculate the remainder when 8464048 is divided by 7.
5
Calculate the remainder when 74364 is divided by 1152.
636
Calculate the remainder when 5209778 is divided by 897.
2
Calculate the remainder when 1887461 is divided by 549.
548
What is the remainder when 1201874 is divided by 741?
713
Calculate the remainder when 5910080 is divided by 22996.
108
Calculate the remainder when 18452674 is divided by 22.
20
Calculate the remainder when 1046430394 is divided by 228.
226
What is the remainder when 34541 is divided by 5305?
2711
What is the remainder when 3440586 is divided by 860070?
306
What is the remainder when 20514370 is divided by 181?
11
Calculate the remainder when 59801527 is divided by 128.
55
Calculate the remainder when 166965 is divided by 7840.
2325
Calculate the remainder when 58287769 is divided by 38322.
7
Calculate the remainder when 5142555 is divided by 307.
305
What is the remainder when 286749 is divided by 70691?
3985
Calculate the remainder when 782995 is divided by 766.
143
Calculate the remainder when 3953298 is divided by 49416.
18
Calculate the remainder when 266365 is divided by 1373.
3
Calculate the remainder when 266804 is divided by 384.
308
Calculate the remainder when 108640 is divided by 3743.
93
What is the remainder when 54008 is divided by 1012?
372
Calculate the remainder when 3908581 is divided by 2543.
2533
Calculate the remainder when 143766465 is divided by 372.
369
What is the remainder when 223180 is divided by 26?
22
What is the remainder when 966761 is divided by 1903?
37
Calculate the remainder when 902857 is divided by 227.
78
What is the remainder when 3119987 is divided by 303?
299
Calculate the remainder when 32488264 is divided by 8122056.
40
Calculate the remainder when 9014464 is divided by 1705.
129
Calculate the remainder when 15637603 is divided by 37.
34
Calculate the remainder when 4324934 is divided by 1309.
1307
Calculate the remainder when 2288492 is divided by 198.
8
What is the remainder when 134502 is divided by 50?
2
What is the remainder when 10821884 is divided by 2686?
2676
What is the remainder when 8857162 is divided by 505?
472
Calculate the remainder when 111928 is divided by 718.
638
Calculate the remainder when 1687373 is divided by 324.
305
What is the remainder when 15474633 is divided by 38?
7
Calculate the remainder when 154170 is divided by 8102.
232
Calculate the remainder when 127587 is divided by 101.
24
Calculate the remainder when 317